{"id":2883,"date":"2021-02-05T10:05:00","date_gmt":"2021-02-05T10:05:00","guid":{"rendered":"https:\/\/calamark.es\/blog\/?page_id=2883"},"modified":"2022-05-17T11:42:59","modified_gmt":"2022-05-17T11:42:59","slug":"posts","status":"publish","type":"page","link":"https:\/\/calamark.es\/blog\/posts\/","title":{"rendered":"Posts"},"content":{"rendered":"<p>&nbsp;<\/p>\n<div class=\"mcnTextBlock\">\n<div class=\"mcnTextBlockInner\">\n<div>\n<div class=\"mcnTextContent\">\n<h1>Nueva tienda online distribuidores<\/h1>\n<\/div>\n<\/div>\n<\/div>\n<\/div>\n<div class=\"mcnTextBlock\">\n<div class=\"mcnTextBlockInner\">\n<div>\n<div class=\"mcnTextContent\">\n<p>En Calamark no s\u00f3lo somos tinta y t\u00f3ner para impresoras, ahora disponemos de m\u00e1s de 7.500 referencias de consumibles inform\u00e1ticos, papeler\u00eda, inform\u00e1tica de consumo, productos de protecci\u00f3n COVID y mucho m\u00e1s !!!<\/p>\n<\/div>\n<\/div>\n<\/div>\n<\/div>\n<div class=\"mcnTextBlock\">\n<div class=\"mcnTextBlockInner\">\n<div>\n<div class=\"mcnTextContent\">\n<h2>\u00bfEst\u00e1s buscando un mayorista de cartuchos de tinta y t\u00f3ner?<\/h2>\n<\/div>\n<\/div>\n<\/div>\n<\/div>\n<div class=\"mcnTextBlock\">\n<div class=\"mcnTextBlockInner\">\n<div>\n<div class=\"mcnTextContent\">\n<p>Entonces esto te interesa, somos una empresa con m\u00e1s de 10\u00a0a\u00f1os de experiencia dedicados a la venta de consumibles de impresora, y con una experiencia en el sector de la reprograf\u00eda de m\u00e1s de 25 a\u00f1os. Especialistas en la venta de\u00a0consumibles de impresoras y en especial gen\u00e9ricos.\u00a0Nuestro cat\u00e1logo tiene + 6.000 referencias y nuestro departamento comercial estar\u00e1 encantado de ayudarte durante tu proceso de compra y asesorarte en todo lo que necesites.<\/p>\n<p><a href=\"https:\/\/mailchi.mp\/3ceb3ae4b210\/httpscalamarkestienda\" target=\"_blank\" rel=\"noopener noreferrer\">Solicitud de registro de distribuidor<\/a><\/p>\n<\/div>\n<\/div>\n<\/div>\n<\/div>\n","protected":false},"excerpt":{"rendered":"<p>&nbsp; Nueva tienda online distribuidores En Calamark no s\u00f3lo somos tinta y t\u00f3ner para impresoras, ahora disponemos de m\u00e1s de 7.500 referencias de consumibles inform\u00e1ticos, papeler\u00eda,<span class=\"excerpt-hellip\"> [\u2026]<\/span><\/p>\n","protected":false},"author":2,"featured_media":0,"parent":0,"menu_order":0,"comment_status":"closed","ping_status":"closed","template":"","meta":{"footnotes":""},"class_list":["post-2883","page","type-page","status-publish","hentry"],"yoast_head":"<!-- This site is optimized with the Yoast SEO plugin v15.3 - https:\/\/yoast.com\/wordpress\/plugins\/seo\/ -->\n<title>Posts - Calamark<\/title>\n<meta name=\"description\" content=\"\u00bfEst\u00e1s buscando un mayorista de cartuchos de tinta y t\u00f3ner? Entonces esto te interesa, somos especialistas en la venta de\u00a0consumibles de impresoras y en especial gen\u00e9ricos.\u00a0\" \/>\n<meta name=\"robots\" content=\"index, follow, max-snippet:-1, max-image-preview:large, max-video-preview:-1\" \/>\n<link rel=\"canonical\" href=\"https:\/\/calamark.es\/blog\/posts\/\" \/>\n<meta property=\"og:locale\" content=\"es_ES\" \/>\n<meta property=\"og:type\" content=\"article\" \/>\n<meta property=\"og:title\" content=\"Posts - Calamark\" \/>\n<meta property=\"og:description\" content=\"\u00bfEst\u00e1s buscando un mayorista de cartuchos de tinta y t\u00f3ner? Entonces esto te interesa, somos especialistas en la venta de\u00a0consumibles de impresoras y en especial gen\u00e9ricos.\u00a0\" \/>\n<meta property=\"og:url\" content=\"https:\/\/calamark.es\/blog\/posts\/\" \/>\n<meta property=\"og:site_name\" content=\"Calamark\" \/>\n<meta property=\"article:modified_time\" content=\"2022-05-17T11:42:59+00:00\" \/>\n<meta name=\"twitter:card\" content=\"summary_large_image\" \/>\n<meta name=\"twitter:label1\" content=\"Escrito por\">\n\t<meta name=\"twitter:data1\" content=\"calamark calamark\">\n\t<meta name=\"twitter:label2\" content=\"Tiempo de lectura\">\n\t<meta name=\"twitter:data2\" content=\"1 minuto\">\n<script type=\"application\/ld+json\" class=\"yoast-schema-graph\">{\"@context\":\"https:\/\/schema.org\",\"@graph\":[{\"@type\":\"WebSite\",\"@id\":\"https:\/\/calamark.es\/blog\/#website\",\"url\":\"https:\/\/calamark.es\/blog\/\",\"name\":\"Calamark\",\"description\":\"Suministros, equipos y renting de impresi\\u00f3n\",\"potentialAction\":[{\"@type\":\"SearchAction\",\"target\":\"https:\/\/calamark.es\/blog\/?s={search_term_string}\",\"query-input\":\"required name=search_term_string\"}],\"inLanguage\":\"es\"},{\"@type\":\"WebPage\",\"@id\":\"https:\/\/calamark.es\/blog\/posts\/#webpage\",\"url\":\"https:\/\/calamark.es\/blog\/posts\/\",\"name\":\"Posts - Calamark\",\"isPartOf\":{\"@id\":\"https:\/\/calamark.es\/blog\/#website\"},\"datePublished\":\"2021-02-05T10:05:00+00:00\",\"dateModified\":\"2022-05-17T11:42:59+00:00\",\"description\":\"\\u00bfEst\\u00e1s buscando un mayorista de cartuchos de tinta y t\\u00f3ner? Entonces esto te interesa, somos especialistas en la venta de\\u00a0consumibles de impresoras y en especial gen\\u00e9ricos.\\u00a0\",\"inLanguage\":\"es\",\"potentialAction\":[{\"@type\":\"ReadAction\",\"target\":[\"https:\/\/calamark.es\/blog\/posts\/\"]}]}]}<\/script>\n<!-- \/ Yoast SEO plugin. -->","_links":{"self":[{"href":"https:\/\/calamark.es\/blog\/wp-json\/wp\/v2\/pages\/2883","targetHints":{"allow":["GET"]}}],"collection":[{"href":"https:\/\/calamark.es\/blog\/wp-json\/wp\/v2\/pages"}],"about":[{"href":"https:\/\/calamark.es\/blog\/wp-json\/wp\/v2\/types\/page"}],"author":[{"embeddable":true,"href":"https:\/\/calamark.es\/blog\/wp-json\/wp\/v2\/users\/2"}],"replies":[{"embeddable":true,"href":"https:\/\/calamark.es\/blog\/wp-json\/wp\/v2\/comments?post=2883"}],"version-history":[{"count":4,"href":"https:\/\/calamark.es\/blog\/wp-json\/wp\/v2\/pages\/2883\/revisions"}],"predecessor-version":[{"id":2990,"href":"https:\/\/calamark.es\/blog\/wp-json\/wp\/v2\/pages\/2883\/revisions\/2990"}],"wp:attachment":[{"href":"https:\/\/calamark.es\/blog\/wp-json\/wp\/v2\/media?parent=2883"}],"curies":[{"name":"wp","href":"https:\/\/api.w.org\/{rel}","templated":true}]}}