{"id":2353,"date":"2020-05-07T06:57:13","date_gmt":"2020-05-07T06:57:13","guid":{"rendered":"https:\/\/calamark.es\/blog\/?page_id=2353"},"modified":"2021-05-18T17:45:22","modified_gmt":"2021-05-18T17:45:22","slug":"servicio-tecnico","status":"publish","type":"page","link":"https:\/\/calamark.es\/blog\/servicio-tecnico\/","title":{"rendered":"Servicio t\u00e9cnico"},"content":{"rendered":"","protected":false},"excerpt":{"rendered":"","protected":false},"author":2,"featured_media":0,"parent":0,"menu_order":0,"comment_status":"open","ping_status":"open","template":"","meta":{"footnotes":""},"class_list":["post-2353","page","type-page","status-publish","hentry"],"yoast_head":"<!-- This site is optimized with the Yoast SEO plugin v15.3 - https:\/\/yoast.com\/wordpress\/plugins\/seo\/ -->\n<title>Servicio t\u00e9cnico - Calamark<\/title>\n<meta name=\"description\" content=\"SAT r\u00e1pido y profesional, resolvemos tus problemas de hardware y software, reinstalaci\u00f3n de S.O. instalaci\u00f3n discos SSD y asistencia domicilio\" \/>\n<meta name=\"robots\" content=\"index, follow, max-snippet:-1, max-image-preview:large, max-video-preview:-1\" \/>\n<link rel=\"canonical\" href=\"https:\/\/calamark.es\/blog\/servicio-tecnico\/\" \/>\n<meta property=\"og:locale\" content=\"es_ES\" \/>\n<meta property=\"og:type\" content=\"article\" \/>\n<meta property=\"og:title\" content=\"Servicio t\u00e9cnico - Calamark\" \/>\n<meta property=\"og:description\" content=\"SAT r\u00e1pido y profesional, resolvemos tus problemas de hardware y software, reinstalaci\u00f3n de S.O. instalaci\u00f3n discos SSD y asistencia domicilio\" \/>\n<meta property=\"og:url\" content=\"https:\/\/calamark.es\/blog\/servicio-tecnico\/\" \/>\n<meta property=\"og:site_name\" content=\"Calamark\" \/>\n<meta property=\"article:modified_time\" content=\"2021-05-18T17:45:22+00:00\" \/>\n<meta name=\"twitter:card\" content=\"summary_large_image\" \/>\n<meta name=\"twitter:label1\" content=\"Escrito por\">\n\t<meta name=\"twitter:data1\" content=\"calamark calamark\">\n<script type=\"application\/ld+json\" class=\"yoast-schema-graph\">{\"@context\":\"https:\/\/schema.org\",\"@graph\":[{\"@type\":\"WebSite\",\"@id\":\"https:\/\/calamark.es\/blog\/#website\",\"url\":\"https:\/\/calamark.es\/blog\/\",\"name\":\"Calamark\",\"description\":\"Suministros, equipos y renting de impresi\\u00f3n\",\"potentialAction\":[{\"@type\":\"SearchAction\",\"target\":\"https:\/\/calamark.es\/blog\/?s={search_term_string}\",\"query-input\":\"required name=search_term_string\"}],\"inLanguage\":\"es\"},{\"@type\":\"WebPage\",\"@id\":\"https:\/\/calamark.es\/blog\/servicio-tecnico\/#webpage\",\"url\":\"https:\/\/calamark.es\/blog\/servicio-tecnico\/\",\"name\":\"Servicio t\\u00e9cnico - Calamark\",\"isPartOf\":{\"@id\":\"https:\/\/calamark.es\/blog\/#website\"},\"datePublished\":\"2020-05-07T06:57:13+00:00\",\"dateModified\":\"2021-05-18T17:45:22+00:00\",\"description\":\"SAT r\\u00e1pido y profesional, resolvemos tus problemas de hardware y software, reinstalaci\\u00f3n de S.O. instalaci\\u00f3n discos SSD y asistencia domicilio\",\"inLanguage\":\"es\",\"potentialAction\":[{\"@type\":\"ReadAction\",\"target\":[\"https:\/\/calamark.es\/blog\/servicio-tecnico\/\"]}]}]}<\/script>\n<!-- \/ Yoast SEO plugin. -->","_links":{"self":[{"href":"https:\/\/calamark.es\/blog\/wp-json\/wp\/v2\/pages\/2353","targetHints":{"allow":["GET"]}}],"collection":[{"href":"https:\/\/calamark.es\/blog\/wp-json\/wp\/v2\/pages"}],"about":[{"href":"https:\/\/calamark.es\/blog\/wp-json\/wp\/v2\/types\/page"}],"author":[{"embeddable":true,"href":"https:\/\/calamark.es\/blog\/wp-json\/wp\/v2\/users\/2"}],"replies":[{"embeddable":true,"href":"https:\/\/calamark.es\/blog\/wp-json\/wp\/v2\/comments?post=2353"}],"version-history":[{"count":3,"href":"https:\/\/calamark.es\/blog\/wp-json\/wp\/v2\/pages\/2353\/revisions"}],"predecessor-version":[{"id":2665,"href":"https:\/\/calamark.es\/blog\/wp-json\/wp\/v2\/pages\/2353\/revisions\/2665"}],"wp:attachment":[{"href":"https:\/\/calamark.es\/blog\/wp-json\/wp\/v2\/media?parent=2353"}],"curies":[{"name":"wp","href":"https:\/\/api.w.org\/{rel}","templated":true}]}}